 = n**3 - 1 - 3*n + 3*n + 6*n**2 - 2*n. Suppose -5*s = -y - 16, 16*y - s + 20 = 13*y. Calculate t(y).
11
Suppose 0 = -30*x + 36*x + 24. Let b(h) = -4*h - 10. What is b(x)?
6
Let j(b) = -1. Let h(l) = l**2 + 4*l + 9. Let c(y) = h(y) + 4*j(y). Let k be 12 + (-3 - (-4 + 1)). Suppose k = w - 4*w. Calculate c(w).
5
Suppose 32*k + 68 = 31*k. Let u = -65 - k. Let r(l) be the first derivative of -3*l**2/2 + 3*l - 1. Give r(u).
-6
Let c(o) be the first derivative of 5*o**4/24 + o**3/2 - 41*o**2/2 + 9. Let f(b) be the second derivative of c(b). Calculate f(-2).
-7
Let b be (-11)/2*(0 + -2). Let k(m) be the third derivative of -m**4/24 + 13*m**3/6 + 9*m**2 + 66. What is k(b)?
2
Suppose -q - 15 = p - 0*p, -3*q - 35 = p. Let d(n) = -n - 16. Let l be d(q). Let y(w) = w + w**3 + 6*w**2 - 117 + w + 126. What is y(l)?
-3
Suppose 0*d - 3*d - 2*b + 5 = 0, -5 = d + 4*b. Let z(r) = -d*r - 4*r + 2 - 2*r + r. Determine z(2).
-14
Let v be (-18)/5 + 16/(-40). Let w(r) = r**2 + r. Let h(l) = 2*l**2 + 6*l + 3. Let n(x) = v*w(x) + h(x). What is n(3)?
-9
Let h(p) = p**2 + 7*p + 2. Let j = -45 - -81. Let a = -3 + j. Suppose 5 = 4*d + a. Calculate h(d).
2
Let m be 8 + -8 + (1 - (0 + 1)). Let j(o) = -4*o + m + 3*o + 3 - 8. Give j(-4).
-1
Let l(t) = t**2 + 3*t + 4. Suppose 9 + 10 = f. Let h = 31 - f. Suppose 0 = 5*d + 3 + h. What is l(d)?
4
Let r(g) be the second derivative of g**4/3 + 5*g**3/6 - 3*g**2 - 2*g + 552. What is r(1)?
3
Let q(y) = -y**3 + 2*y**2 + 3*y. Let v(d) = 3*d + 3. Suppose 3*b = 2*f - 8, 13 - 5 = -2*b + 2*f. Let o be v(b). Give q(o).
0
Suppose -3*z + 6*z - 15 = 0, -2*l = 4*z - 18. Let u be (13 + -3)*10/(-25)*l. Let r(f) = -f**3 + 3*f**2 + 2*f + 2. Calculate r(u).
-6
Let b(u) = 4*u**2 - 2*u. Let i be b(1). Suppose -5*t - 21 = i*t. Let x(q) = -2*q**2 - 4*q. Calculate x(t).
-6
Let s = -2 + 0. Let f(b) = 7*b - 3*b + 3 - 2*b + 4*b. Give f(s).
-9
Let l(x) be the third derivative of x**4/12 - 2*x**3/3 + 17*x**2 + 9. Determine l(4).
4
Let t = 556 - 559. Let i(n) = n**3 + 4*n**2 + n + 3. What is i(t)?
9
Let d be ((-2 - -1)/1)/(9/(-45)). Let r(x) = x**2 - d*x - 76 + 80 + 5*x + 6*x. What is r(-5)?
-1
Let x(d) = -5*d**2 - 51*d - 6. Let m be x(-10). Let s(w) = -w**2 + 4*w + 7. What is s(m)?
7
Let h(x) be the third derivative of -x**4/24 + 2*x**3/3 - 12*x**2 + 3*x. Calculate h(-7).
11
Let o(i) = i**3 + 7*i**2 - 7*i. Let m be (21 + -28)*(-8)/(-7). What is o(m)?
-8
Suppose -13*a - 10 = -3*a. Let d(h) = -10*h. Determine d(a).
10
Let b(r) = 2*r. Let x(c) = -4*c - 1. Let s(g) = 6*b(g) + x(g). Calculate s(-1).
-9
Let o(u) be the first derivative of -2*u**2 - 15*u - 2. Let j be 3/1 + 5 - (2 - 0). Let p(y) = -5*y - 16. Let n(b) = j*p(b) - 7*o(b). Give n(6).
-3
Let r(u) = 6*u + 4. Let h(p) = p**3 + 7*p**2 - 6*p + 11. Let l be h(-8). Calculate r(l).
-26
Let a(g) = -g**2 - 16*g - 21. Suppose -5*y - 5*z + 11 = 81, -2*z - 56 = 4*y. Calculate a(y).
7
Let m = -5 - 3. Let y be (2/6)/(m/(-144)). Suppose -4*n - 4*c - 12 = 0, n + 12 = -y*c + 2*c. Let k(r) = -r - 6. Give k(n).
-6
Let j be -4 + (5 + (2 - 4) - -4). Let y(p) be the second derivative of 2*p + 1/12*p**4 + 0*p**2 - 2/3*p**3 + 0. Calculate y(j).
-3
Let z(x) = -2*x**2 + 7*x + 2. Let c be z(-6). Let u be 1/3 - c/24. Let n(p) = -3*p + 7. Calculate n(u).
-8
Let n(m) = 2*m**2 - 7 + 4*m**2 - 2*m - 5*m**2 + 4*m. What is n(-3)?
-4
Let m(b) = 2*b**3 - 3*b**2 - 5*b + 3. Let s be m(3). Let p be 13/3 - 5/s. Suppose k - 4 = 0, 4 = -p*o - k + 16. Let t(l) = 2*l**2 - l. Give t(o).
6
Let s(d) = -d**3 - d - 5. Let f(q) = 2*q**3 + 23*q**2 + 53*q + 20. Let m(y) = -f(y) - 3*s(y). What is m(25)?
-5
Let m(f) = f - 5. Let a be m(9). Suppose 4*b = a*r - b - 8, -2 = -r + 2*b. Let d(g) = -g + 2. Calculate d(r).
0
Let q(y) be the third derivative of 0 - 2/3*y**3 + 0*y + 14*y**2 - 1/24*y**4. Calculate q(4).
-8
Let z(s) be the first derivative of -s**4/4 + 7*s**3/3 - 4*s**2 + 5*s + 3. Suppose -x + 8 = 5*k - 6, -x - 6 = -5*k. Suppose 3*h - 14 = x. Determine z(h).
-7
Let u(s) = -s**3 + 3*s**2 + 4*s - 2. Suppose 0 = -0*a - 3*a + 18. Suppose 0*k - k - a = 4*w, 0 = 5*k + w + 11. Let q be 10*(-3)/(-6) + k. Give u(q).
10
Suppose -33*w + 188 = 14*w. Let i(d) = -d**3 + 2*d**2 + 4*d + 5. Calculate i(w).
-11
Let v(x) = x + x**3 + 3 + 0*x - 1 + x**2. Let p(c) = 247*c + 2964. Let f be p(-12). What is v(f)?
2
Let i(z) = z - 2. Let v = -14 + 17. Suppose -v*w + 24 = w. Give i(w).
4
Let g(n) = -3*n + 63. Let c be g(19). Suppose -2*h - 3*h + 10 = 0. Let m(z) = -4 + 2 + 3*z**2 - 2*z**h - c*z - 3. What is m(6)?
-5
Let f(w) = w + 6. Let u be f(3). Let s(x) = 2*x + 6. Calculate s(u).
24
Let c(a) = 3*a**2 + 6*a - 3. Let r(o) = -o**3 + 7*o**2 + 21*o - 30. Let q be r(9). Calculate c(q).
6
Let a(k) = k**3 - 4*k - 3. Let l be a(-2). Let u(w) be the first derivative of -w**3/3 - 5*w**2/2 - 2*w + 871. What is u(l)?
4
Let s(b) = b**3 - 5*b**2 + 2*b + 4. Let w(d) = d**2 - 2*d. Let m(y) = -s(y) - 3*w(y). Give m(4).
-20
Let p(q) be the first derivative of -q**2 + 9*q + 192. Let f(s) = s**3 - 2. Let b be f(2). Give p(b).
-3
Let f be 52/7 + 1 + (-273)/637. Let i(l) be the first derivative of -f - 1/4*l**4 - 5/3*l**3 - 1/2*l**2 + 5*l. Determine i(-4).
-7
Let z(k) = -k - 3. Let i be 4 + -2 + 4 + -8. Calculate z(i).
-1
Let z(l) = -l**2 + 2*l + 5. Let g(u) = u + 1. Suppose 7*h - 16 = 11*h. Let b(p) = h*g(p) + z(p). Let v be 1 + 9/(-3) + 3. Calculate b(v).
-2
Let r(g) = 7*g - 5. Let t(v) = -6*v + 4. Let h(u) = -5*r(u) - 6*t(u). Let z(b) = -4*b - 6. Let p(d) = 3*h(d) + z(d). Let c be 10*(8/(-20))/1. Give p(c).
1
Let m(a) = -4*a**2 - 223*a**3 + 113*a**3 + 17*a**2 + 111*a**3 + 14. What is m(-13)?
14
Suppose 6 = 3*i - 102. Let a be (-354)/i + 5/(-30). Let w(l) = l**3 + 10*l**2 - l - 2. Calculate w(a).
8
Suppose 3*o = 2*z + 2*z + 30, -4*o - 5*z + 9 = 0. Suppose 0 = -5*s + o*s - 4. Let m(q) = -q - 5. Determine m(s).
-9
Let y be -5 + (7 - 6) + 1*15. Suppose 12*u - y*u + 5 = 0. Let r(c) = -c**2 - 4*c + 2. Calculate r(u).
-3
Let u(n) = 3*n**2 - 8*n - 7. Let d(b) = 8*b + 24*b + 18 + 11 - 14*b**2. Let f(m) = 2*d(m) + 9*u(m). Calculate f(-8).
-5
Let u(o) = 1 + 1103*o**2 + 11*o - 1102*o**2 + 21. Calculate u(-9).
4
Let r(s) = -s**2 + 5*s + 14. Suppose -2*t - 18 = 8*b - 10*b, 0 = -b - 3*t + 13. Determine r(b).
-36
Let i(g) = -254*g + 253*g - g**2 - g**2. Let f(y) = -y**3 - 3*y**2 + 1. Let c be f(-2). Let h = c - -4. What is i(h)?
-3
Let p(a) be the third derivative of -2*a**5/15 - a**4/24 + a**3/3 - 257*a**2. Calculate p(2).
-32
Let r(s) = 10 + s + 5 + 10 + 6*s**2 - 25. What is r(1)?
7
Let i(z) = z**2 + 8*z + 3. Suppose -2*h - 3*f = -5, 4*h - 10*f + 14*f = 0. Give i(h).
-12
Let t(s) = 3*s - 17. Let d(h) = -h + 10. Let w be d(4). What is t(w)?
1
Let u = 73 - 51. Suppose -v - 25 = -u. Let x(q) = -2*q + 1. Calculate x(v).
7
Let r(f) = 4*f - 9. Let b be (-6)/(-4) + 14/4. Let n be r(b). Let u = -5 + n. Let o(p) = -p**2 + 7*p - 9. Give o(u).
-3
Let j be (-6)/4 + (-9)/(-2). Let c(x) = 14*x**j + 1 + 2*x - 3*x + 0*x + x**2 + 0*x. Calculate c(1).
15
Let g = -127 - -122. Let z(n) = 0*n**3 - 1 + 4*n**3 - 5*n**3 - 6*n**2 - 5*n. What is z(g)?
-1
Let u = 18 + -10. Suppose u = -4*o + 24. Let t(l) be the second derivative of l**3/6 - 7*l**2/2 + 2*l. Give t(o).
-3
Let j(i) = -i**3 + 8*i**2 + 5*i - 23. Let p = 1119 - 1111. Give j(p).
17
Let d(w) = -w + 0 - 2 + 1. Suppose 3*u + 263 = 260. Determine d(u).
0
Let n(m) = 4 + 3*m + 0*m - 5. Suppose 2*o + 5*v = -6, 0*o + 3*o + 2*v - 2 = 0. Determine n(o).
5
Let f(g) = -8*g - 4*g + 4 + 11*g. Give f(8).
-4
Let x(h) = -4*h**2 - 189 + 376 + h**3 - 181 - h. Determine x(3).
-6
Let t(n) = -n - 8. Suppose -3*s + 115 = -8*s. Let f = s - -19. Give t(f).
-4
Let c be ((-5 - 2) + 2)*(-64 - -63). Let n(g) = -g**2 + g - 1. Let v(a) = -5*a**2 + 9*a + 4. Let l(r) = -3*n(r) + v(r). Calculate l(c).
-13
Let h(x) = 94*x**3 - 1159*x + 1 - 84*x**3 + 1159*x. Let m be (-1)/(5/(-2) + 2). Suppose -2 = 3*s + m*u + 3, -5*s - 2*u = 7. Calculate h(s).
-9
Let f(b) = 2 + 5*b + 4*b - 4*b**2 - b**3 - 4*b + 7*b. Determine f(-6).
2
Suppose 0 = 4*i - 3*i. Let z(b) = 10*b + b**2 + i*b**2 - 2*b. Let d be (-2 - -2)/3 + -6. What is z(d)?
-12
Let o(s) = s**2 + 6*s + 1. Let d = -58 - -68. Let q be (d/(-4))/(1 + (-7)/14). Determine o(q).
-4
Let s(f) be the third derivative of f**5/30 + f**4/24 - 17*f**3/3 - 5*f**2 + 48. What is